-35015121
In base 14, what is 19bb1 - 209?
199a6
In base 13, what is 5735 + 76a4?
10109
In base 15, what is -1721 - -2b50?
142e
In base 3, what is 121011001 + 21012?
121102020
In base 6, what is -14103443254 + 3?
-14103443251
In base 9, what is -44850 + -35051?
-81011
In base 2, what is -11110 + -1001110100101111000101?
-1001110100101111100011
In base 3, what is 122101020120201 - 10120?
122101020110011
In base 16, what is -21e0d2 - 15?
-21e0e7
In base 16, what is -1802 + 1fb4?
7b2
In base 7, what is -3445546 + -143?
-3446022
In base 8, what is -2314015 + 15?
-2314000
In base 8, what is -6675063 + 5?
-6675056
In base 3, what is -1200201121 + 10012110?
-1120112011
In base 5, what is -320021243 - -234?
-320021004
In base 12, what is -1981 - -1904?
-79
In base 2, what is -111010110011011 + 101011011011?
-110101011000000
In base 9, what is -2 + 70863377?
70863375
In base 8, what is -171571 + -37331?
-231122
In base 4, what is 200213013 + 103?
200213122
In base 2, what is 11 + -10000011000111010010100100?
-10000011000111010010100001
In base 16, what is -36a944 + a?
-36a93a
In base 4, what is 1122130 + 1003033?
2131223
In base 6, what is 31343315 + 4?
31343323
In base 11, what is 259860 + 207?
259a67
In base 6, what is -120524 + 25011?
-51513
In base 6, what is 13442 - -25043?
42525
In base 16, what is -1d5849 + -1b?
-1d5864
In base 16, what is bad93e - -e?
bad94c
In base 8, what is -432611624 - 0?
-432611624
In base 2, what is 100100010 + 10101101111101110111?
10101110000010011001
In base 6, what is -142553 - -20005?
-122544
In base 16, what is 1b + -f2842?
-f2827
In base 8, what is 3351574535 - -1?
3351574536
In base 13, what is 1 + 60ccb8?
60ccb9
In base 9, what is -2500 + 40505?
37005
In base 6, what is -1254340 + 244?
-1254052
In base 16, what is 7 - 847c1?
-847ba
In base 9, what is -218 - 828625?
-828844
In base 4, what is 3 - -2023211220?
2023211223
In base 9, what is -3 + -328081?
-328084
In base 3, what is -1222102202102 + 1?
-1222102202101
In base 6, what is -2451541000 - -2?
-2451540554
In base 2, what is 100011111100100110011 - -1010?
100011111100100111101
In base 5, what is -113313413443 + -11?
-113313414004
In base 4, what is 123 + -12032212223?
-12032212100
In base 2, what is -1000000111011101010000111 - 100?
-1000000111011101010001011
In base 13, what is -10052458 + -1?
-10052459
In base 2, what is 100001110000 + -1011011010100000?
-1010111000110000
In base 14, what is -5 + 115c9bd5?
115c9bd0
In base 16, what is 73322 + 19?
7333b
In base 8, what is 1776550 + -4?
1776544
In base 10, what is -87012 - 6731?
-93743
In base 9, what is 2 + -228180206?
-228180204
In base 12, what is -84 - -15421a?
154156
In base 14, what is 1112 + a56?
1b68
In base 10, what is 44 - 912672?
-912628
In base 5, what is -33 - 1202141302?
-1202141340
In base 16, what is -52f0a - -7?
-52f03
In base 14, what is -4041 + -cd2?
-4d33
In base 4, what is 111000130 - 2213031?
102121033
In base 14, what is -4a0d47 + -254?
-4a119b
In base 15, what is -b + 6a0d80?
6a0d74
In base 11, what is 40379 - 515?
3a964
In base 9, what is 1327308 + -4?
1327304
In base 4, what is -1102 - -21120202?
21113100
In base 12, what is aa315838 - -3?
aa31583b
In base 4, what is -213102200 - 20?
-213102220
In base 15, what is 46c + 57ab?
5c28
In base 6, what is -115534 - 331351?
-451325
In base 16, what is 585e57 + 4?
585e5b
In base 16, what is 64ae6a + -5?
64ae65
In base 15, what is 3 - ae8a3e8?
-ae8a3e5
In base 2, what is 1011101101101000000111000 - -10?
1011101101101000000111010
In base 11, what is -67373 - -5515?
-61959
In base 13, what is -14906 + -3a1?
-14ca7
In base 11, what is -17 + 2889111?
28890a5
In base 11, what is 55931 + -480?
55461
In base 10, what is 21438 - 1747?
19691
In base 6, what is -5 + -245552011?
-245552020
In base 9, what is -4240283 + -257?
-4240551
In base 5, what is -214041 - 3023414?
-3243010
In base 6, what is 14 - 3125311?
-3125253
In base 14, what is -23 - -26a323?
26a300
In base 4, what is 2322232 + 1330?
2330222
In base 14, what is -11918c7 + 0?
-11918c7
In base 8, what is -501006105 - 2?
-501006107
In base 7, what is -101310 + -1411?
-103021
In base 9, what is 3 + 41465581?
41465584
In base 10, what is 203 - -28921?
29124
In base 13, what is 218 - -125ab?
127c6
In base 4, what is 2002211321001020 - 11?
2002211321001003
In base 5, what is 1421311041044 + 0?
1421311041044
In base 8, what is 4 + 106352062?
106352066
In base 13, what is 1126bc4 - 0?
1126bc4
In base 11, what is 1962108 - -140?
1962248
In base 4, what is 3 - 11002111030022?
-11002111030013
In base 13, what is 35 + -421c0?
-42188
In base 4, what is 11213220 - 201003?
11012211
In base 4, what is -3221310 - 302100?
-10130010
In base 6, what is -444203332 - 15?
-444203351
In base 15, what is 17 - -3e7598?
3e75b0
In base 3, what is 0 + 11021211010000?
11021211010000
In base 16, what is cbc7a7 + 5?
cbc7ac
In base 16, what is 85cd5a + 0?
85cd5a
In base 13, what is -272b2a9 - 17?
-272b2c3
In base 11, what is -36 - -831900?
831875
In base 12, what is -125 - 4801?
-4926
In base 2, what is 101011010 + -100111100100001110?
-100111011110110100
In base 11, what is -85 + -168452?
-168527
In base 9, what is -716 - 102658?
-103475
In base 12, what is 21a19986 - 2?
21a19984
In base 6, what is -342010543 - -12?
-342010531
In base 5, what is -31410433 + 10?
-31410423
In base 10, what is 1 - 3586198?
-3586197
In base 15, what is 43d6 - 1bd4?
2702
In base 2, what is -101001 - -1100011010101100?
1100011010000011
In base 4, what is 2213103331 + 113?
2213110110
In base 14, what is -1d217 + 2d8?
-1cd1d
In base 4, what is 11 - -22030002001000?
22030002001011
In base 9, what is -2528618 + 515?
-2528103
In base 11, what is -a4815 + -7?
-a4821
In base 12, what is -7a + -126057?
-126115
In base 16, what is 6a1733c + 2?
6a1733e
In base 6, what is 221423500542 + 2?
221423500544
In base 13, what is 1527830 + -5?
1527828
In base 3, what is -11000 - -1110201010?
1110120010
In base 7, what is 5 - -1432022645?
1432022653
In base 3, what is 20 + 100101002110000?
100101002110020
In base 3, what is 2221212200220 + 1?
2221212200221
In base 14, what is 0 - -c38b0?
c38b0
In base 16, what is -5 + 1078815?
1078810
In base 4, what is -11223103001313 - -11?
-11223103001302
In base 3, what is 2001002010 + 1100?
2001010110
In base 12, what is -2125a4 - -4?
-2125a0
In base 6, what is 123341540244 + 3?
123341540251
In base 16, what is -eeae - 3?
-eeb1
In base 9, what is -8166 - -573?
-7483
In base 16, what is -27a - 10740?
-109ba
In base 5, what is -42343001 + 10332?
-42332114
In base 7, what is -5 + 3320606?
3320601
In base 6, what is -3220 + -413001?
-420221
In base 15, what is -3 - -2ee0801?
2ee07ed
In base 14, what is -9db + b1?
-92a
In base 15, what is -550 + 319e?
2b4e
In base 9, what is -100854 + 26882?
-62862
In base 14, what is 2817ddb - -5?
2818002
In base 2, what is 101 + 1011010000001011110010101?
1011010000001011110011010
In base 5, what is -4010 + -24424?
-33434
In base 3, what is 2012011122 - 22011?
2011212111
In base 16, what is 0 + 547f70?
547f70
In base 8, what is 43672 - -35151?
101043
In base 3, what is 22222 - -10220112001?
10220212000
In base 15, what is -95e + -4b1db?
-4bb4a
In base 13, what is 104902 - 328?
1045a7
In base 14, what is -2c - -263a58?
263a2a
In base 8, what is 11072520 - 1?
11072517
In base 6, what is 2252224 + -40?
2252144
In base 7, what is -6 - 364250510?
-364250516
In base 9, what is 6437381 + 7?
6437388
In base 6, what is -154434423 - -1?
-154434422
In base 15, what is 28d7 - -2912?
52e9
In base 16, what is 13e5 + 293?
1678
In base 10, what is 532 - -11347?
11879
In base 8, what is 377 - 2506441?
-2506042
In base 16, what is 0 + 363846?
363846
In base 8, what is -1 - 3502666?
-3502667
In base 14, what is 1d8b - -13c6a?
15c17
In base 8, what is 6102133 + 10?
6102143
In base 14, what is 3 + dc37c6?
dc37c9
In base 15, what is 84c1a - 28?
84be2
In base 15, what is 33 - -63d?
671
In base 15, what is 7 - 8306e?
-83067
In base 7, what is 651 - 6111?
-5130
In base 16, what is -50943 - d?
-50950
In base 2, what is -1110000100111111 - 101001010?
-1110001010001001
In base 10, what is 7694136 + 30?
7694166
In base 6, what is -5 + 45353415?
45353410
In base 3, what is -20112110201 - 2111?
-20112120012
In base 13, wh